{"id":1252,"date":"2023-02-10T21:15:44","date_gmt":"2023-02-10T19:15:44","guid":{"rendered":"https:\/\/www.joy.ee\/?page_id=1252"},"modified":"2026-02-17T15:50:21","modified_gmt":"2026-02-17T13:50:21","slug":"meie-partnerid","status":"publish","type":"page","link":"https:\/\/www.joy.ee\/index.php\/meie-partnerid\/","title":{"rendered":"MEIE PARTNERID"},"content":{"rendered":"<div id=\"fb-root\"><\/div>\n\n<h2 class=\"p1\" style=\"text-align: center;\">VALGA VALLAVALITSUS<\/h2>\n<p><img decoding=\"async\" class=\"aligncenter wp-image-1257 lazyload\" data-src=\"http:\/\/www.joy.ee\/wp-content\/uploads\/2023\/02\/VALGA-VALLA-VAPP-2018-varviline-267x300.png\" alt=\"\" width=\"131\" height=\"147\" data-srcset=\"https:\/\/www.joy.ee\/wp-content\/uploads\/2023\/02\/VALGA-VALLA-VAPP-2018-varviline-267x300.png 267w, https:\/\/www.joy.ee\/wp-content\/uploads\/2023\/02\/VALGA-VALLA-VAPP-2018-varviline-911x1024.png 911w, https:\/\/www.joy.ee\/wp-content\/uploads\/2023\/02\/VALGA-VALLA-VAPP-2018-varviline-768x863.png 768w, https:\/\/www.joy.ee\/wp-content\/uploads\/2023\/02\/VALGA-VALLA-VAPP-2018-varviline.png 1250w\" data-sizes=\"(max-width: 131px) 100vw, 131px\" src=\"data:image\/svg+xml;base64,PHN2ZyB3aWR0aD0iMSIgaGVpZ2h0PSIxIiB4bWxucz0iaHR0cDovL3d3dy53My5vcmcvMjAwMC9zdmciPjwvc3ZnPg==\" style=\"--smush-placeholder-width: 131px; --smush-placeholder-aspect-ratio: 131\/147;\" \/><\/p>\n<h2>\u00a0<\/h2>\n<h2 class=\"p1\" style=\"text-align: center;\">EESTI KULTUURIKAPITAL<\/h2>\n<p style=\"text-align: center;\">Valgamaa ekspertgrupp\u00a0<\/p>\n<p><img decoding=\"async\" class=\"aligncenter wp-image-1253 lazyload\" data-src=\"http:\/\/www.joy.ee\/wp-content\/uploads\/2023\/02\/Kulka_logo_sin-300x145.png\" alt=\"\" width=\"242\" height=\"117\" data-srcset=\"https:\/\/www.joy.ee\/wp-content\/uploads\/2023\/02\/Kulka_logo_sin-300x145.png 300w, https:\/\/www.joy.ee\/wp-content\/uploads\/2023\/02\/Kulka_logo_sin.png 652w\" data-sizes=\"(max-width: 242px) 100vw, 242px\" src=\"data:image\/svg+xml;base64,PHN2ZyB3aWR0aD0iMSIgaGVpZ2h0PSIxIiB4bWxucz0iaHR0cDovL3d3dy53My5vcmcvMjAwMC9zdmciPjwvc3ZnPg==\" style=\"--smush-placeholder-width: 242px; --smush-placeholder-aspect-ratio: 242\/117;\" \/><\/p>\n<h2 class=\"p1\" style=\"text-align: center;\">\u00a0<\/h2>\n<h2 class=\"p1\" style=\"text-align: center;\">KULTUURIMINISTEERIUM<\/h2>\n<h2 class=\"p1\" style=\"text-align: center;\"><img decoding=\"async\" class=\"aligncenter wp-image-1255 size-medium lazyload\" data-src=\"http:\/\/www.joy.ee\/wp-content\/uploads\/2023\/02\/kultuurimin_3lovi_est-removebg-preview-1-300x120.png\" alt=\"\" width=\"300\" height=\"120\" data-srcset=\"https:\/\/www.joy.ee\/wp-content\/uploads\/2023\/02\/kultuurimin_3lovi_est-removebg-preview-1-300x120.png 300w, https:\/\/www.joy.ee\/wp-content\/uploads\/2023\/02\/kultuurimin_3lovi_est-removebg-preview-1-768x307.png 768w, https:\/\/www.joy.ee\/wp-content\/uploads\/2023\/02\/kultuurimin_3lovi_est-removebg-preview-1.png 790w\" data-sizes=\"(max-width: 300px) 100vw, 300px\" src=\"data:image\/svg+xml;base64,PHN2ZyB3aWR0aD0iMSIgaGVpZ2h0PSIxIiB4bWxucz0iaHR0cDovL3d3dy53My5vcmcvMjAwMC9zdmciPjwvc3ZnPg==\" style=\"--smush-placeholder-width: 300px; --smush-placeholder-aspect-ratio: 300\/120;\" \/><\/h2>\n<p>\u00a0<\/p>\n<h2 class=\"p1\" style=\"text-align: center;\">INTEGRATSIOONI SIHTASUTUS<\/h2>\n<p><img decoding=\"async\" class=\"aligncenter wp-image-1254 lazyload\" data-src=\"http:\/\/www.joy.ee\/wp-content\/uploads\/2023\/02\/insa_logo_full_original-1-300x246.png\" alt=\"\" width=\"221\" height=\"181\" data-srcset=\"https:\/\/www.joy.ee\/wp-content\/uploads\/2023\/02\/insa_logo_full_original-1-300x246.png 300w, https:\/\/www.joy.ee\/wp-content\/uploads\/2023\/02\/insa_logo_full_original-1-1024x839.png 1024w, https:\/\/www.joy.ee\/wp-content\/uploads\/2023\/02\/insa_logo_full_original-1-768x629.png 768w, https:\/\/www.joy.ee\/wp-content\/uploads\/2023\/02\/insa_logo_full_original-1-1536x1259.png 1536w, https:\/\/www.joy.ee\/wp-content\/uploads\/2023\/02\/insa_logo_full_original-1-2048x1679.png 2048w\" data-sizes=\"(max-width: 221px) 100vw, 221px\" src=\"data:image\/svg+xml;base64,PHN2ZyB3aWR0aD0iMSIgaGVpZ2h0PSIxIiB4bWxucz0iaHR0cDovL3d3dy53My5vcmcvMjAwMC9zdmciPjwvc3ZnPg==\" style=\"--smush-placeholder-width: 221px; --smush-placeholder-aspect-ratio: 221\/181;\" \/><\/p>\n<h2 class=\"p1\" style=\"text-align: center;\">TALLINNA L\u00c4\u00c4NEMERE G\u00dcMNAASIUM<\/h2>\n<p><img decoding=\"async\" class=\"size-full wp-image-1986 aligncenter lazyload\" data-src=\"http:\/\/www.joy.ee\/wp-content\/uploads\/2026\/02\/Tallinna-Laanemere-Gumnaasium-logo.jpg\" alt=\"\" width=\"225\" height=\"225\" data-srcset=\"https:\/\/www.joy.ee\/wp-content\/uploads\/2026\/02\/Tallinna-Laanemere-Gumnaasium-logo.jpg 225w, https:\/\/www.joy.ee\/wp-content\/uploads\/2026\/02\/Tallinna-Laanemere-Gumnaasium-logo-150x150.jpg 150w\" data-sizes=\"(max-width: 225px) 100vw, 225px\" src=\"data:image\/svg+xml;base64,PHN2ZyB3aWR0aD0iMSIgaGVpZ2h0PSIxIiB4bWxucz0iaHR0cDovL3d3dy53My5vcmcvMjAwMC9zdmciPjwvc3ZnPg==\" style=\"--smush-placeholder-width: 225px; --smush-placeholder-aspect-ratio: 225\/225;\" \/><\/p>\n<h2 style=\"text-align: center;\">VALKAS NOVADA PA\u0160VALD\u012aBA\u00a0<\/h2>\n<p style=\"text-align: center;\"><img decoding=\"async\" class=\"alignnone wp-image-1456 lazyload\" data-src=\"http:\/\/www.joy.ee\/wp-content\/uploads\/2024\/08\/image-removebg-preview-264x300.png\" alt=\"\" width=\"149\" height=\"169\" data-srcset=\"https:\/\/www.joy.ee\/wp-content\/uploads\/2024\/08\/image-removebg-preview-264x300.png 264w, https:\/\/www.joy.ee\/wp-content\/uploads\/2024\/08\/image-removebg-preview.png 469w\" data-sizes=\"(max-width: 149px) 100vw, 149px\" src=\"data:image\/svg+xml;base64,PHN2ZyB3aWR0aD0iMSIgaGVpZ2h0PSIxIiB4bWxucz0iaHR0cDovL3d3dy53My5vcmcvMjAwMC9zdmciPjwvc3ZnPg==\" style=\"--smush-placeholder-width: 149px; --smush-placeholder-aspect-ratio: 149\/169;\" \/><\/p>\n<p>\u00a0<\/p>\n<h2 style=\"text-align: center;\">VALGA KULTUURIKESKUS<\/h2>\n<p style=\"text-align: center;\"><img decoding=\"async\" class=\"alignnone wp-image-1453 size-medium lazyload\" data-src=\"http:\/\/www.joy.ee\/wp-content\/uploads\/2024\/08\/Kultuurikeskuse-Logo-300x115.png\" alt=\"\" width=\"300\" height=\"115\" data-srcset=\"https:\/\/www.joy.ee\/wp-content\/uploads\/2024\/08\/Kultuurikeskuse-Logo-300x115.png 300w, https:\/\/www.joy.ee\/wp-content\/uploads\/2024\/08\/Kultuurikeskuse-Logo-1024x393.png 1024w, https:\/\/www.joy.ee\/wp-content\/uploads\/2024\/08\/Kultuurikeskuse-Logo-768x295.png 768w, https:\/\/www.joy.ee\/wp-content\/uploads\/2024\/08\/Kultuurikeskuse-Logo-1536x590.png 1536w, https:\/\/www.joy.ee\/wp-content\/uploads\/2024\/08\/Kultuurikeskuse-Logo-2048x786.png 2048w\" data-sizes=\"(max-width: 300px) 100vw, 300px\" src=\"data:image\/svg+xml;base64,PHN2ZyB3aWR0aD0iMSIgaGVpZ2h0PSIxIiB4bWxucz0iaHR0cDovL3d3dy53My5vcmcvMjAwMC9zdmciPjwvc3ZnPg==\" style=\"--smush-placeholder-width: 300px; --smush-placeholder-aspect-ratio: 300\/115;\" \/><\/p>\n<h2>\u00a0<\/h2>\n<h2 style=\"text-align: center;\">L\u00d5UNA &#8211; EESTI\u00a0 POSTIMEES <img decoding=\"async\" class=\"aligncenter wp-image-1454 lazyload\" data-src=\"http:\/\/www.joy.ee\/wp-content\/uploads\/2024\/08\/lounapostimees-removebg-preview-300x300.png\" alt=\"\" width=\"249\" height=\"249\" data-srcset=\"https:\/\/www.joy.ee\/wp-content\/uploads\/2024\/08\/lounapostimees-removebg-preview-300x300.png 300w, https:\/\/www.joy.ee\/wp-content\/uploads\/2024\/08\/lounapostimees-removebg-preview-150x150.png 150w, https:\/\/www.joy.ee\/wp-content\/uploads\/2024\/08\/lounapostimees-removebg-preview.png 400w\" data-sizes=\"(max-width: 249px) 100vw, 249px\" src=\"data:image\/svg+xml;base64,PHN2ZyB3aWR0aD0iMSIgaGVpZ2h0PSIxIiB4bWxucz0iaHR0cDovL3d3dy53My5vcmcvMjAwMC9zdmciPjwvc3ZnPg==\" style=\"--smush-placeholder-width: 249px; --smush-placeholder-aspect-ratio: 249\/249;\" \/><\/h2>\n<h2 style=\"text-align: center;\">TALLINNA KULTUURI &#8211; JA SPORDIAMET<\/h2>\n<p><img decoding=\"async\" class=\"size-medium wp-image-1983 aligncenter lazyload\" data-src=\"http:\/\/www.joy.ee\/wp-content\/uploads\/2026\/02\/Tallinna-logo-300x91.png\" alt=\"\" width=\"300\" height=\"91\" data-srcset=\"https:\/\/www.joy.ee\/wp-content\/uploads\/2026\/02\/Tallinna-logo-300x91.png 300w, https:\/\/www.joy.ee\/wp-content\/uploads\/2026\/02\/Tallinna-logo-1024x310.png 1024w, https:\/\/www.joy.ee\/wp-content\/uploads\/2026\/02\/Tallinna-logo-768x233.png 768w, https:\/\/www.joy.ee\/wp-content\/uploads\/2026\/02\/Tallinna-logo-1536x465.png 1536w, https:\/\/www.joy.ee\/wp-content\/uploads\/2026\/02\/Tallinna-logo.png 1921w\" data-sizes=\"(max-width: 300px) 100vw, 300px\" src=\"data:image\/svg+xml;base64,PHN2ZyB3aWR0aD0iMSIgaGVpZ2h0PSIxIiB4bWxucz0iaHR0cDovL3d3dy53My5vcmcvMjAwMC9zdmciPjwvc3ZnPg==\" style=\"--smush-placeholder-width: 300px; --smush-placeholder-aspect-ratio: 300\/91;\" \/><\/p>\n<p>\u00a0<\/p>\n<h2 style=\"text-align: center;\">EESTI TANTSUHUVIHARIDUSE LIIT<\/h2>\n<p><img decoding=\"async\" class=\"size-medium wp-image-1984 aligncenter lazyload\" data-src=\"http:\/\/www.joy.ee\/wp-content\/uploads\/2026\/02\/ETHL_logo-300x297.jpg\" alt=\"\" width=\"300\" height=\"297\" data-srcset=\"https:\/\/www.joy.ee\/wp-content\/uploads\/2026\/02\/ETHL_logo-300x297.jpg 300w, https:\/\/www.joy.ee\/wp-content\/uploads\/2026\/02\/ETHL_logo-150x150.jpg 150w, https:\/\/www.joy.ee\/wp-content\/uploads\/2026\/02\/ETHL_logo.jpg 601w\" data-sizes=\"(max-width: 300px) 100vw, 300px\" src=\"data:image\/svg+xml;base64,PHN2ZyB3aWR0aD0iMSIgaGVpZ2h0PSIxIiB4bWxucz0iaHR0cDovL3d3dy53My5vcmcvMjAwMC9zdmciPjwvc3ZnPg==\" style=\"--smush-placeholder-width: 300px; --smush-placeholder-aspect-ratio: 300\/297;\" \/><\/p>\n<p>\u00a0<\/p>\n\n\n","protected":false},"excerpt":{"rendered":"<p>VALGA VALLAVALITSUS \u00a0 EESTI KULTUURIKAPITAL Valgamaa ekspertgrupp\u00a0 \u00a0 KULTUURIMINISTEERIUM \u00a0 INTEGRATSIOONI SIHTASUTUS TALLINNA L\u00c4\u00c4NEMERE G\u00dcMNAASIUM VALKAS NOVADA PA\u0160VALD\u012aBA\u00a0 \u00a0 VALGA KULTUURIKESKUS \u00a0 L\u00d5UNA &#8211; EESTI\u00a0 POSTIMEES TALLINNA KULTUURI &#8211; JA SPORDIAMET \u00a0 EESTI TANTSUHUVIHARIDUSE LIIT \u00a0<\/p>\n","protected":false},"author":3,"featured_media":1578,"parent":0,"menu_order":0,"comment_status":"closed","ping_status":"closed","template":"page-fullwidth.php","meta":{"_acf_changed":false,"footnotes":""},"class_list":["post-1252","page","type-page","status-publish","has-post-thumbnail","hentry"],"acf":[],"yoast_head":"<!-- This site is optimized with the Yoast SEO plugin v27.5 - https:\/\/yoast.com\/product\/yoast-seo-wordpress\/ -->\n<title>MEIE PARTNERID - STUUDIO JOY<\/title>\n<meta name=\"robots\" content=\"index, follow, max-snippet:-1, max-image-preview:large, max-video-preview:-1\" \/>\n<link rel=\"canonical\" href=\"https:\/\/www.joy.ee\/index.php\/meie-partnerid\/\" \/>\n<meta name=\"twitter:card\" content=\"summary_large_image\" \/>\n<meta name=\"twitter:title\" content=\"MEIE PARTNERID - STUUDIO JOY\" \/>\n<meta name=\"twitter:description\" content=\"VALGA VALLAVALITSUS \u00a0 EESTI KULTUURIKAPITAL Valgamaa ekspertgrupp\u00a0 \u00a0 KULTUURIMINISTEERIUM \u00a0 INTEGRATSIOONI SIHTASUTUS TALLINNA L\u00c4\u00c4NEMERE G\u00dcMNAASIUM VALKAS NOVADA PA\u0160VALD\u012aBA\u00a0 \u00a0 VALGA KULTUURIKESKUS \u00a0 L\u00d5UNA &#8211; EESTI\u00a0 POSTIMEES TALLINNA KULTUURI &#8211; JA SPORDIAMET \u00a0 EESTI TANTSUHUVIHARIDUSE LIIT \u00a0\" \/>\n<meta name=\"twitter:image\" content=\"https:\/\/www.joy.ee\/wp-content\/uploads\/2024\/11\/joy-page-designs-5.png\" \/>\n<meta name=\"twitter:label1\" content=\"Est. reading time\" \/>\n\t<meta name=\"twitter:data1\" content=\"3 minutes\" \/>\n<script type=\"application\/ld+json\" class=\"yoast-schema-graph\">{\"@context\":\"https:\\\/\\\/schema.org\",\"@graph\":[{\"@type\":\"WebPage\",\"@id\":\"https:\\\/\\\/www.joy.ee\\\/index.php\\\/meie-partnerid\\\/\",\"url\":\"https:\\\/\\\/www.joy.ee\\\/index.php\\\/meie-partnerid\\\/\",\"name\":\"MEIE PARTNERID - STUUDIO JOY\",\"isPartOf\":{\"@id\":\"https:\\\/\\\/www.joy.ee\\\/#website\"},\"primaryImageOfPage\":{\"@id\":\"https:\\\/\\\/www.joy.ee\\\/index.php\\\/meie-partnerid\\\/#primaryimage\"},\"image\":{\"@id\":\"https:\\\/\\\/www.joy.ee\\\/index.php\\\/meie-partnerid\\\/#primaryimage\"},\"thumbnailUrl\":\"https:\\\/\\\/www.joy.ee\\\/wp-content\\\/uploads\\\/2024\\\/11\\\/joy-page-designs-5.png\",\"datePublished\":\"2023-02-10T19:15:44+00:00\",\"dateModified\":\"2026-02-17T13:50:21+00:00\",\"breadcrumb\":{\"@id\":\"https:\\\/\\\/www.joy.ee\\\/index.php\\\/meie-partnerid\\\/#breadcrumb\"},\"inLanguage\":\"en-US\",\"potentialAction\":[{\"@type\":\"ReadAction\",\"target\":[\"https:\\\/\\\/www.joy.ee\\\/index.php\\\/meie-partnerid\\\/\"]}]},{\"@type\":\"ImageObject\",\"inLanguage\":\"en-US\",\"@id\":\"https:\\\/\\\/www.joy.ee\\\/index.php\\\/meie-partnerid\\\/#primaryimage\",\"url\":\"https:\\\/\\\/www.joy.ee\\\/wp-content\\\/uploads\\\/2024\\\/11\\\/joy-page-designs-5.png\",\"contentUrl\":\"https:\\\/\\\/www.joy.ee\\\/wp-content\\\/uploads\\\/2024\\\/11\\\/joy-page-designs-5.png\",\"width\":2560,\"height\":1707},{\"@type\":\"BreadcrumbList\",\"@id\":\"https:\\\/\\\/www.joy.ee\\\/index.php\\\/meie-partnerid\\\/#breadcrumb\",\"itemListElement\":[{\"@type\":\"ListItem\",\"position\":1,\"name\":\"Home\",\"item\":\"https:\\\/\\\/www.joy.ee\\\/\"},{\"@type\":\"ListItem\",\"position\":2,\"name\":\"MEIE PARTNERID\"}]},{\"@type\":\"WebSite\",\"@id\":\"https:\\\/\\\/www.joy.ee\\\/#website\",\"url\":\"https:\\\/\\\/www.joy.ee\\\/\",\"name\":\"STUUDIO JOY\",\"description\":\"Dance, Sing, Enjoy!\",\"potentialAction\":[{\"@type\":\"SearchAction\",\"target\":{\"@type\":\"EntryPoint\",\"urlTemplate\":\"https:\\\/\\\/www.joy.ee\\\/?s={search_term_string}\"},\"query-input\":{\"@type\":\"PropertyValueSpecification\",\"valueRequired\":true,\"valueName\":\"search_term_string\"}}],\"inLanguage\":\"en-US\"}]}<\/script>\n<!-- \/ Yoast SEO plugin. -->","yoast_head_json":{"title":"MEIE PARTNERID - STUUDIO JOY","robots":{"index":"index","follow":"follow","max-snippet":"max-snippet:-1","max-image-preview":"max-image-preview:large","max-video-preview":"max-video-preview:-1"},"canonical":"https:\/\/www.joy.ee\/index.php\/meie-partnerid\/","twitter_card":"summary_large_image","twitter_title":"MEIE PARTNERID - STUUDIO JOY","twitter_description":"VALGA VALLAVALITSUS \u00a0 EESTI KULTUURIKAPITAL Valgamaa ekspertgrupp\u00a0 \u00a0 KULTUURIMINISTEERIUM \u00a0 INTEGRATSIOONI SIHTASUTUS TALLINNA L\u00c4\u00c4NEMERE G\u00dcMNAASIUM VALKAS NOVADA PA\u0160VALD\u012aBA\u00a0 \u00a0 VALGA KULTUURIKESKUS \u00a0 L\u00d5UNA &#8211; EESTI\u00a0 POSTIMEES TALLINNA KULTUURI &#8211; JA SPORDIAMET \u00a0 EESTI TANTSUHUVIHARIDUSE LIIT \u00a0","twitter_image":"https:\/\/www.joy.ee\/wp-content\/uploads\/2024\/11\/joy-page-designs-5.png","twitter_misc":{"Est. reading time":"3 minutes"},"schema":{"@context":"https:\/\/schema.org","@graph":[{"@type":"WebPage","@id":"https:\/\/www.joy.ee\/index.php\/meie-partnerid\/","url":"https:\/\/www.joy.ee\/index.php\/meie-partnerid\/","name":"MEIE PARTNERID - STUUDIO JOY","isPartOf":{"@id":"https:\/\/www.joy.ee\/#website"},"primaryImageOfPage":{"@id":"https:\/\/www.joy.ee\/index.php\/meie-partnerid\/#primaryimage"},"image":{"@id":"https:\/\/www.joy.ee\/index.php\/meie-partnerid\/#primaryimage"},"thumbnailUrl":"https:\/\/www.joy.ee\/wp-content\/uploads\/2024\/11\/joy-page-designs-5.png","datePublished":"2023-02-10T19:15:44+00:00","dateModified":"2026-02-17T13:50:21+00:00","breadcrumb":{"@id":"https:\/\/www.joy.ee\/index.php\/meie-partnerid\/#breadcrumb"},"inLanguage":"en-US","potentialAction":[{"@type":"ReadAction","target":["https:\/\/www.joy.ee\/index.php\/meie-partnerid\/"]}]},{"@type":"ImageObject","inLanguage":"en-US","@id":"https:\/\/www.joy.ee\/index.php\/meie-partnerid\/#primaryimage","url":"https:\/\/www.joy.ee\/wp-content\/uploads\/2024\/11\/joy-page-designs-5.png","contentUrl":"https:\/\/www.joy.ee\/wp-content\/uploads\/2024\/11\/joy-page-designs-5.png","width":2560,"height":1707},{"@type":"BreadcrumbList","@id":"https:\/\/www.joy.ee\/index.php\/meie-partnerid\/#breadcrumb","itemListElement":[{"@type":"ListItem","position":1,"name":"Home","item":"https:\/\/www.joy.ee\/"},{"@type":"ListItem","position":2,"name":"MEIE PARTNERID"}]},{"@type":"WebSite","@id":"https:\/\/www.joy.ee\/#website","url":"https:\/\/www.joy.ee\/","name":"STUUDIO JOY","description":"Dance, Sing, Enjoy!","potentialAction":[{"@type":"SearchAction","target":{"@type":"EntryPoint","urlTemplate":"https:\/\/www.joy.ee\/?s={search_term_string}"},"query-input":{"@type":"PropertyValueSpecification","valueRequired":true,"valueName":"search_term_string"}}],"inLanguage":"en-US"}]}},"_links":{"self":[{"href":"https:\/\/www.joy.ee\/index.php\/wp-json\/wp\/v2\/pages\/1252","targetHints":{"allow":["GET"]}}],"collection":[{"href":"https:\/\/www.joy.ee\/index.php\/wp-json\/wp\/v2\/pages"}],"about":[{"href":"https:\/\/www.joy.ee\/index.php\/wp-json\/wp\/v2\/types\/page"}],"author":[{"embeddable":true,"href":"https:\/\/www.joy.ee\/index.php\/wp-json\/wp\/v2\/users\/3"}],"replies":[{"embeddable":true,"href":"https:\/\/www.joy.ee\/index.php\/wp-json\/wp\/v2\/comments?post=1252"}],"version-history":[{"count":17,"href":"https:\/\/www.joy.ee\/index.php\/wp-json\/wp\/v2\/pages\/1252\/revisions"}],"predecessor-version":[{"id":1987,"href":"https:\/\/www.joy.ee\/index.php\/wp-json\/wp\/v2\/pages\/1252\/revisions\/1987"}],"wp:featuredmedia":[{"embeddable":true,"href":"https:\/\/www.joy.ee\/index.php\/wp-json\/wp\/v2\/media\/1578"}],"wp:attachment":[{"href":"https:\/\/www.joy.ee\/index.php\/wp-json\/wp\/v2\/media?parent=1252"}],"curies":[{"name":"wp","href":"https:\/\/api.w.org\/{rel}","templated":true}]}}