{"id":1740,"date":"2025-07-31T19:35:12","date_gmt":"2025-07-31T17:35:12","guid":{"rendered":"https:\/\/www.joy.ee\/?page_id=1740"},"modified":"2025-08-08T11:15:29","modified_gmt":"2025-08-08T09:15:29","slug":"meist-3","status":"publish","type":"page","link":"https:\/\/www.joy.ee\/index.php\/meist-3\/","title":{"rendered":"MEIST"},"content":{"rendered":"<div id=\"fb-root\"><\/div>\n\n<p class=\"cvGsUA direction-ltr align-justify para-style-body\"><span class=\"OYPEnA font-feature-liga-off font-feature-clig-off font-feature-calt-off text-decoration-none text-strikethrough-none\">MT\u00dc Stuudio JOY<\/span> <span class=\"OYPEnA font-feature-liga-off font-feature-clig-off font-feature-calt-off text-decoration-none text-strikethrough-none\">tegutseb Eesti ja L\u00e4ti piirilinnas Valgas\/Valkas, filiaal Tallinnas.<\/span><\/p>\n<p class=\"cvGsUA direction-ltr align-justify para-style-body\" style=\"text-align: justify;\"><span class=\"OYPEnA font-feature-liga-off font-feature-clig-off font-feature-calt-off text-decoration-none text-strikethrough-none\">30 tegevusaasta jooksul on stuudiol kujunenud maine kohast, kus valitseb integratsiooni ja vastastikuse m\u00f5istmise vaim, kohast, kus liituvad harmooniliselt \u00fcheks pereks erinevatest rahvustest ja kultuuridest p\u00e4rit lapsed, noored ja t\u00e4iskasvanud.<\/span><\/p>\n<p class=\"cvGsUA direction-ltr align-justify para-style-body\"><span class=\"OYPEnA font-feature-liga-off font-feature-clig-off font-feature-calt-off text-decoration-none text-strikethrough-none\">Loomingulises \u00f5hkkonnas saavad erinevatest keskkondadest ja kultuuridest p\u00e4rit inimesed vahetada kogemusi ja tutvuda \u00fcksteise rahvuslike kommetega.<\/span><\/p>\n<p class=\"cvGsUA direction-ltr align-justify para-style-body\"><span class=\"OYPEnA font-feature-liga-off font-feature-clig-off font-feature-calt-off text-decoration-none text-strikethrough-none\">Oma 30 tegevusaasta jooksul on JOY tantsur\u00fchmad ja solistid olnud Euroopas toimunud vabariiklike ja rahvusvaheliste konkursside v\u00f5itjad ja laureaadid ja alati oodatud esinema nii kohalikel kui kodust kaugematel lavadel \u00fcllatades oma heatasemelise esinemisega kuulajaid \u2013 j\u00e4lgijaid.<\/span><\/p>\n<p><strong>Meie eesm\u00e4rk:<\/strong><\/p>\n<p class=\"cvGsUA direction-ltr align-justify para-style-body\"><span class=\"OYPEnA font-feature-liga-off font-feature-clig-off font-feature-calt-off text-decoration-none text-strikethrough-none\">T\u00f6\u00f6tada protsessile- toetavale, arendavale, loomingulisele protsessile, mis pakub r\u00f5\u00f5mu nii lastele, kui nende vanematele.<\/span><\/p>\n<p class=\"cvGsUA direction-ltr align-justify para-style-body\"><span class=\"OYPEnA font-feature-liga-off font-feature-clig-off font-feature-calt-off text-decoration-none text-strikethrough-none\">Luua noortele uusi huvitavaid tegevusv\u00f5imalusi, pakkuda kaasaegset ja kvaliteetset tantsu- ja lauluharidust ning v\u00f5imaldada vaba aega veeta sisukalt ja turvaliselt.<\/span><\/p>\n<p class=\"cvGsUA direction-ltr align-justify para-style-body\"><span class=\"OYPEnA font-feature-liga-off font-feature-clig-off font-feature-calt-off text-decoration-none text-strikethrough-none\">Stuudio pedagoogid on meie endised \u00f5pilased.<\/span><\/p>\n<p><strong><span class=\"OYPEnA font-feature-liga-off font-feature-clig-off font-feature-calt-off text-decoration-none text-strikethrough-none\">Meie missioon:\u00a0<\/span><\/strong><\/p>\n<p><span class=\"OYPEnA font-feature-liga-off font-feature-clig-off font-feature-calt-off text-decoration-none text-strikethrough-none\">Arendada lapsi ja noori kui tulevasi kompetentseid kultuuriloojaid ja -tarbijaid ning seel\u00e4bi panustada loovasse, s\u00f5bralikku ja arenguv\u00f5imelisse \u00fchiskonda \u2013 meie k\u00f5ige paremasse tulevikku Eestis ja Euroopas.\u00a0<\/span><\/p>\n<p><strong>Tunnustused:\u00a0<\/strong><\/p>\n<p class=\"cvGsUA direction-ltr align-justify para-style-body\"><span class=\"OYPEnA font-feature-liga-off font-feature-clig-off font-feature-calt-off text-decoration-none text-strikethrough-none\">2007.a.<\/span><span class=\"OYPEnA font-feature-liga-off font-feature-clig-off font-feature-calt-off text-decoration-none text-strikethrough-none\"> &#8211; <\/span><span class=\"OYPEnA font-feature-liga-off font-feature-clig-off font-feature-calt-off text-decoration-none text-strikethrough-none\">Kultuuripreemia &#8211; Kultuurip\u00e4rl<\/span><\/p>\n<p class=\"cvGsUA direction-ltr align-justify para-style-body\"><span class=\"OYPEnA font-feature-liga-off font-feature-clig-off font-feature-calt-off text-decoration-none text-strikethrough-none\">2007.a<\/span><span class=\"OYPEnA font-feature-liga-off font-feature-clig-off font-feature-calt-off text-decoration-none text-strikethrough-none\">.- Stuudio JOY esines kogu Euroopa jaoks t\u00e4htsal kontserdil, kui Eesti \u00fchines Schengeni viisaruumiga;<\/span><\/p>\n<p class=\"cvGsUA direction-ltr align-justify para-style-body\"><span class=\"OYPEnA font-feature-liga-off font-feature-clig-off font-feature-calt-off text-decoration-none text-strikethrough-none\">2008.a. <\/span><span class=\"OYPEnA font-feature-liga-off font-feature-clig-off font-feature-calt-off text-decoration-none text-strikethrough-none\">&#8211; Rahvastikuministri t\u00e4nukiri parimate kodaniku\u00fchenduste seas;<\/span><\/p>\n<p class=\"cvGsUA direction-ltr align-justify para-style-body\"><span class=\"OYPEnA font-feature-liga-off font-feature-clig-off font-feature-calt-off text-decoration-none text-strikethrough-none\">2009.a.<\/span><span class=\"OYPEnA font-feature-liga-off font-feature-clig-off font-feature-calt-off text-decoration-none text-strikethrough-none\"> &#8211; \u201eParim kodaniku\u00fchendus\u201c, kandidaat Marina Jerjomina;<\/span><\/p>\n<p class=\"cvGsUA direction-ltr align-justify para-style-body\"><span class=\"OYPEnA font-feature-liga-off font-feature-clig-off font-feature-calt-off text-decoration-none text-strikethrough-none\">2011.a. <\/span><span class=\"OYPEnA font-feature-liga-off font-feature-clig-off font-feature-calt-off text-decoration-none text-strikethrough-none\">&#8211; Kultuuriliselt mitmekesise Eesti teadvustamise eest l\u00e4ks stipendium MT\u00dc-le Laste ja noorte loominguline stuudio JOY;<\/span><\/p>\n<p class=\"cvGsUA direction-ltr align-justify para-style-body\"><span class=\"OYPEnA font-feature-liga-off font-feature-clig-off font-feature-calt-off text-decoration-none text-strikethrough-none\">2015.a.<\/span><span class=\"OYPEnA font-feature-liga-off font-feature-clig-off font-feature-calt-off text-decoration-none text-strikethrough-none\"> &#8211; Preemia v\u00e4hemusrahvuste kultuurikollektiivide tegevuse ja kultuuride vaheliste \u00fcrituste korraldamise eest;<\/span><\/p>\n<p class=\"cvGsUA direction-ltr align-justify para-style-body\"><span class=\"OYPEnA font-feature-liga-off font-feature-clig-off font-feature-calt-off text-decoration-none text-strikethrough-none\">2019.a. <\/span><span class=\"OYPEnA font-feature-liga-off font-feature-clig-off font-feature-calt-off text-decoration-none text-strikethrough-none\">&#8211;<\/span> <span class=\"OYPEnA font-feature-liga-off font-feature-clig-off font-feature-calt-off text-decoration-none text-strikethrough-none\">Nominendid Aasta parim MT\u00dc;<\/span><\/p>\n<p class=\"cvGsUA direction-ltr align-justify para-style-body\"><span class=\"OYPEnA font-feature-liga-off font-feature-clig-off font-feature-calt-off text-decoration-none text-strikethrough-none\">2021.a.<\/span> <span class=\"OYPEnA font-feature-liga-off font-feature-clig-off font-feature-calt-off text-decoration-none text-strikethrough-none\">&#8211; Valga Aastaringi auhind;<\/span><\/p>\n<p class=\"cvGsUA direction-ltr align-justify para-style-body\"><span class=\"OYPEnA font-feature-liga-off font-feature-clig-off font-feature-calt-off text-decoration-none text-strikethrough-none\">2022.a. &#8211;<\/span><span class=\"OYPEnA font-feature-liga-off font-feature-clig-off font-feature-calt-off text-decoration-none text-strikethrough-none\"> \u201cValgamaa MT\u00dc ja V\u00e4\u00e4rt Kodupaik 2021&#8243; laureaadid;<\/span><\/p>\n<p class=\"cvGsUA direction-ltr align-justify para-style-body\"><span class=\"OYPEnA font-feature-liga-off font-feature-clig-off font-feature-calt-off text-decoration-none text-strikethrough-none\">2023.a. &#8211;<\/span><span class=\"OYPEnA font-feature-liga-off font-feature-clig-off font-feature-calt-off text-decoration-none text-strikethrough-none\"> \u201cValgamaa MT\u00dc ja V\u00e4\u00e4rt Kodupaik 2022\u201d \u2013 Nominent;<\/span><\/p>\n<p class=\"cvGsUA direction-ltr align-justify para-style-body\"><span class=\"OYPEnA font-feature-liga-off font-feature-clig-off font-feature-calt-off text-decoration-none text-strikethrough-none\">2023.a. <\/span><span class=\"OYPEnA font-feature-liga-off font-feature-clig-off font-feature-calt-off text-decoration-none text-strikethrough-none\">&#8211;<\/span> <span class=\"OYPEnA font-feature-liga-off font-feature-clig-off font-feature-calt-off text-decoration-none text-strikethrough-none\">\u201cAastaring 2023\u201d \u2013 Nominent;<\/span><\/p>\n<p class=\"cvGsUA direction-ltr align-justify para-style-body\"><span class=\"OYPEnA font-feature-liga-off font-feature-clig-off font-feature-calt-off text-decoration-none text-strikethrough-none\">2024.a.<\/span><span class=\"OYPEnA font-feature-liga-off font-feature-clig-off font-feature-calt-off text-decoration-none text-strikethrough-none\"> &#8211; Valgamaa Rahvuskunsti ja K\u00e4sit\u00f6\u00f6 Keskseltsi Kultuurit\u00f6\u00f6 p\u00e4rindihoidja laureaat &#8211; Marina Jerjomina;<\/span><\/p>\n<p class=\"cvGsUA direction-ltr align-justify para-style-body\"><span class=\"OYPEnA font-feature-liga-off font-feature-clig-off font-feature-calt-off text-decoration-none text-strikethrough-none\">2024.a.<\/span><span class=\"OYPEnA font-feature-liga-off font-feature-clig-off font-feature-calt-off text-decoration-none text-strikethrough-none\"> &#8211; &#8220;Koolitantsu inimene&#8221; &#8211; Marina Jerjomina- &#8220;Panus Eesti tantsukuntsi &#8211; ja haridusse l\u00e4bi igaaastase osalemise Koolitantsu tanstup\u00e4evadel&#8221;;<\/span><\/p>\n<p class=\"cvGsUA direction-ltr align-justify para-style-body\"><span class=\"OYPEnA font-feature-liga-off font-feature-clig-off font-feature-calt-off text-decoration-none text-strikethrough-none\">2024.a. <\/span><span class=\"OYPEnA font-feature-liga-off font-feature-clig-off font-feature-calt-off text-decoration-none text-strikethrough-none\">&#8211; Valgamaa MT\u00dc ja V\u00e4\u00e4rt kodupaik 2024 &#8211; Stuudio JOY &#8211; Kultuuririkkuse v\u00e4\u00e4rtustaja<\/span><\/p>\n\n\n\n<figure class=\"wp-block-embed is-type-video is-provider-youtube wp-block-embed-youtube wp-embed-aspect-16-9 wp-has-aspect-ratio\"><div class=\"wp-block-embed__wrapper\">\n<iframe title=\"JOY 30. juubelikontsert. Behind the scenes | 16.04.2025. Tallinn\" width=\"640\" height=\"360\" data-src=\"https:\/\/www.youtube.com\/embed\/7MsjaSRzIrM?feature=oembed\" frameborder=\"0\" allow=\"accelerometer; autoplay; clipboard-write; encrypted-media; gyroscope; picture-in-picture; web-share\" referrerpolicy=\"strict-origin-when-cross-origin\" allowfullscreen src=\"data:image\/svg+xml;base64,PHN2ZyB3aWR0aD0iMSIgaGVpZ2h0PSIxIiB4bWxucz0iaHR0cDovL3d3dy53My5vcmcvMjAwMC9zdmciPjwvc3ZnPg==\" class=\"lazyload\" data-load-mode=\"1\"><\/iframe>\n<\/div><\/figure>\n\n\n\n<figure class=\"wp-block-embed is-type-video is-provider-youtube wp-block-embed-youtube wp-embed-aspect-16-9 wp-has-aspect-ratio\"><div class=\"wp-block-embed__wrapper\">\n<iframe title=\"JOY I Season 31 I 25\/26\" width=\"640\" height=\"360\" data-src=\"https:\/\/www.youtube.com\/embed\/3R50icR1QWw?feature=oembed\" frameborder=\"0\" allow=\"accelerometer; autoplay; clipboard-write; encrypted-media; gyroscope; picture-in-picture; web-share\" referrerpolicy=\"strict-origin-when-cross-origin\" allowfullscreen src=\"data:image\/svg+xml;base64,PHN2ZyB3aWR0aD0iMSIgaGVpZ2h0PSIxIiB4bWxucz0iaHR0cDovL3d3dy53My5vcmcvMjAwMC9zdmciPjwvc3ZnPg==\" class=\"lazyload\" data-load-mode=\"1\"><\/iframe>\n<\/div><\/figure>\n\n\n\n<p><strong>MEIE MEESKOND:\u00a0<\/strong><\/p>\n\n\n\n<p><img decoding=\"async\" class=\"alignleft wp-image-1760 size-large lazyload\" data-src=\"http:\/\/www.joy.ee\/wp-content\/uploads\/2025\/08\/Stuudio-Joy-30.-juubelikontsert-24.05.2025-603-1024x683.jpg\" alt=\"\" width=\"640\" height=\"427\" data-srcset=\"https:\/\/www.joy.ee\/wp-content\/uploads\/2025\/08\/Stuudio-Joy-30.-juubelikontsert-24.05.2025-603-1024x683.jpg 1024w, https:\/\/www.joy.ee\/wp-content\/uploads\/2025\/08\/Stuudio-Joy-30.-juubelikontsert-24.05.2025-603-300x200.jpg 300w, https:\/\/www.joy.ee\/wp-content\/uploads\/2025\/08\/Stuudio-Joy-30.-juubelikontsert-24.05.2025-603-768x512.jpg 768w, https:\/\/www.joy.ee\/wp-content\/uploads\/2025\/08\/Stuudio-Joy-30.-juubelikontsert-24.05.2025-603-1536x1024.jpg 1536w, https:\/\/www.joy.ee\/wp-content\/uploads\/2025\/08\/Stuudio-Joy-30.-juubelikontsert-24.05.2025-603-2048x1365.jpg 2048w\" data-sizes=\"(max-width: 640px) 100vw, 640px\" src=\"data:image\/svg+xml;base64,PHN2ZyB3aWR0aD0iMSIgaGVpZ2h0PSIxIiB4bWxucz0iaHR0cDovL3d3dy53My5vcmcvMjAwMC9zdmciPjwvc3ZnPg==\" style=\"--smush-placeholder-width: 640px; --smush-placeholder-aspect-ratio: 640\/427;\" \/><\/p>\n","protected":false},"excerpt":{"rendered":"<p>MT\u00dc Stuudio JOY tegutseb Eesti ja L\u00e4ti piirilinnas Valgas\/Valkas, filiaal Tallinnas. 30 tegevusaasta jooksul on stuudiol kujunenud maine kohast, kus valitseb integratsiooni ja vastastikuse m\u00f5istmise vaim, kohast, kus liituvad harmooniliselt \u00fcheks pereks erinevatest rahvustest ja kultuuridest p\u00e4rit lapsed, noored ja t\u00e4iskasvanud. Loomingulises \u00f5hkkonnas saavad erinevatest keskkondadest ja kultuuridest p\u00e4rit inimesed vahetada kogemusi ja tutvuda \u00fcksteise rahvuslike kommetega. Oma 30 tegevusaasta [&hellip;]<\/p>\n","protected":false},"author":4,"featured_media":1699,"parent":0,"menu_order":0,"comment_status":"closed","ping_status":"closed","template":"","meta":{"_acf_changed":false,"footnotes":""},"class_list":["post-1740","page","type-page","status-publish","has-post-thumbnail","hentry"],"acf":[],"yoast_head":"<!-- This site is optimized with the Yoast SEO plugin v27.3 - https:\/\/yoast.com\/product\/yoast-seo-wordpress\/ -->\n<title>MEIST - STUUDIO JOY<\/title>\n<meta name=\"robots\" content=\"index, follow, max-snippet:-1, max-image-preview:large, max-video-preview:-1\" \/>\n<link rel=\"canonical\" href=\"https:\/\/www.joy.ee\/index.php\/meist-3\/\" \/>\n<meta name=\"twitter:card\" content=\"summary_large_image\" \/>\n<meta name=\"twitter:title\" content=\"MEIST - STUUDIO JOY\" \/>\n<meta name=\"twitter:description\" content=\"MT\u00dc Stuudio JOY tegutseb Eesti ja L\u00e4ti piirilinnas Valgas\/Valkas, filiaal Tallinnas. 30 tegevusaasta jooksul on stuudiol kujunenud maine kohast, kus valitseb integratsiooni ja vastastikuse m\u00f5istmise vaim, kohast, kus liituvad harmooniliselt \u00fcheks pereks erinevatest rahvustest ja kultuuridest p\u00e4rit lapsed, noored ja t\u00e4iskasvanud. Loomingulises \u00f5hkkonnas saavad erinevatest keskkondadest ja kultuuridest p\u00e4rit inimesed vahetada kogemusi ja tutvuda \u00fcksteise rahvuslike kommetega. Oma 30 tegevusaasta [&hellip;]\" \/>\n<meta name=\"twitter:image\" content=\"https:\/\/www.joy.ee\/wp-content\/uploads\/2025\/05\/JOY-30.juubelikonsert-16.04.2025-331.jpg\" \/>\n<meta name=\"twitter:label1\" content=\"Est. reading time\" \/>\n\t<meta name=\"twitter:data1\" content=\"2 minutes\" \/>\n<script type=\"application\/ld+json\" class=\"yoast-schema-graph\">{\"@context\":\"https:\\\/\\\/schema.org\",\"@graph\":[{\"@type\":\"WebPage\",\"@id\":\"https:\\\/\\\/www.joy.ee\\\/index.php\\\/meist-3\\\/\",\"url\":\"https:\\\/\\\/www.joy.ee\\\/index.php\\\/meist-3\\\/\",\"name\":\"MEIST - STUUDIO JOY\",\"isPartOf\":{\"@id\":\"https:\\\/\\\/www.joy.ee\\\/#website\"},\"primaryImageOfPage\":{\"@id\":\"https:\\\/\\\/www.joy.ee\\\/index.php\\\/meist-3\\\/#primaryimage\"},\"image\":{\"@id\":\"https:\\\/\\\/www.joy.ee\\\/index.php\\\/meist-3\\\/#primaryimage\"},\"thumbnailUrl\":\"https:\\\/\\\/www.joy.ee\\\/wp-content\\\/uploads\\\/2025\\\/05\\\/JOY-30.juubelikonsert-16.04.2025-331.jpg\",\"datePublished\":\"2025-07-31T17:35:12+00:00\",\"dateModified\":\"2025-08-08T09:15:29+00:00\",\"breadcrumb\":{\"@id\":\"https:\\\/\\\/www.joy.ee\\\/index.php\\\/meist-3\\\/#breadcrumb\"},\"inLanguage\":\"en-US\",\"potentialAction\":[{\"@type\":\"ReadAction\",\"target\":[\"https:\\\/\\\/www.joy.ee\\\/index.php\\\/meist-3\\\/\"]}]},{\"@type\":\"ImageObject\",\"inLanguage\":\"en-US\",\"@id\":\"https:\\\/\\\/www.joy.ee\\\/index.php\\\/meist-3\\\/#primaryimage\",\"url\":\"https:\\\/\\\/www.joy.ee\\\/wp-content\\\/uploads\\\/2025\\\/05\\\/JOY-30.juubelikonsert-16.04.2025-331.jpg\",\"contentUrl\":\"https:\\\/\\\/www.joy.ee\\\/wp-content\\\/uploads\\\/2025\\\/05\\\/JOY-30.juubelikonsert-16.04.2025-331.jpg\",\"width\":2400,\"height\":1600},{\"@type\":\"BreadcrumbList\",\"@id\":\"https:\\\/\\\/www.joy.ee\\\/index.php\\\/meist-3\\\/#breadcrumb\",\"itemListElement\":[{\"@type\":\"ListItem\",\"position\":1,\"name\":\"Home\",\"item\":\"https:\\\/\\\/www.joy.ee\\\/\"},{\"@type\":\"ListItem\",\"position\":2,\"name\":\"MEIST\"}]},{\"@type\":\"WebSite\",\"@id\":\"https:\\\/\\\/www.joy.ee\\\/#website\",\"url\":\"https:\\\/\\\/www.joy.ee\\\/\",\"name\":\"STUUDIO JOY\",\"description\":\"Dance, Sing, Enjoy!\",\"potentialAction\":[{\"@type\":\"SearchAction\",\"target\":{\"@type\":\"EntryPoint\",\"urlTemplate\":\"https:\\\/\\\/www.joy.ee\\\/?s={search_term_string}\"},\"query-input\":{\"@type\":\"PropertyValueSpecification\",\"valueRequired\":true,\"valueName\":\"search_term_string\"}}],\"inLanguage\":\"en-US\"}]}<\/script>\n<!-- \/ Yoast SEO plugin. -->","yoast_head_json":{"title":"MEIST - STUUDIO JOY","robots":{"index":"index","follow":"follow","max-snippet":"max-snippet:-1","max-image-preview":"max-image-preview:large","max-video-preview":"max-video-preview:-1"},"canonical":"https:\/\/www.joy.ee\/index.php\/meist-3\/","twitter_card":"summary_large_image","twitter_title":"MEIST - STUUDIO JOY","twitter_description":"MT\u00dc Stuudio JOY tegutseb Eesti ja L\u00e4ti piirilinnas Valgas\/Valkas, filiaal Tallinnas. 30 tegevusaasta jooksul on stuudiol kujunenud maine kohast, kus valitseb integratsiooni ja vastastikuse m\u00f5istmise vaim, kohast, kus liituvad harmooniliselt \u00fcheks pereks erinevatest rahvustest ja kultuuridest p\u00e4rit lapsed, noored ja t\u00e4iskasvanud. Loomingulises \u00f5hkkonnas saavad erinevatest keskkondadest ja kultuuridest p\u00e4rit inimesed vahetada kogemusi ja tutvuda \u00fcksteise rahvuslike kommetega. Oma 30 tegevusaasta [&hellip;]","twitter_image":"https:\/\/www.joy.ee\/wp-content\/uploads\/2025\/05\/JOY-30.juubelikonsert-16.04.2025-331.jpg","twitter_misc":{"Est. reading time":"2 minutes"},"schema":{"@context":"https:\/\/schema.org","@graph":[{"@type":"WebPage","@id":"https:\/\/www.joy.ee\/index.php\/meist-3\/","url":"https:\/\/www.joy.ee\/index.php\/meist-3\/","name":"MEIST - STUUDIO JOY","isPartOf":{"@id":"https:\/\/www.joy.ee\/#website"},"primaryImageOfPage":{"@id":"https:\/\/www.joy.ee\/index.php\/meist-3\/#primaryimage"},"image":{"@id":"https:\/\/www.joy.ee\/index.php\/meist-3\/#primaryimage"},"thumbnailUrl":"https:\/\/www.joy.ee\/wp-content\/uploads\/2025\/05\/JOY-30.juubelikonsert-16.04.2025-331.jpg","datePublished":"2025-07-31T17:35:12+00:00","dateModified":"2025-08-08T09:15:29+00:00","breadcrumb":{"@id":"https:\/\/www.joy.ee\/index.php\/meist-3\/#breadcrumb"},"inLanguage":"en-US","potentialAction":[{"@type":"ReadAction","target":["https:\/\/www.joy.ee\/index.php\/meist-3\/"]}]},{"@type":"ImageObject","inLanguage":"en-US","@id":"https:\/\/www.joy.ee\/index.php\/meist-3\/#primaryimage","url":"https:\/\/www.joy.ee\/wp-content\/uploads\/2025\/05\/JOY-30.juubelikonsert-16.04.2025-331.jpg","contentUrl":"https:\/\/www.joy.ee\/wp-content\/uploads\/2025\/05\/JOY-30.juubelikonsert-16.04.2025-331.jpg","width":2400,"height":1600},{"@type":"BreadcrumbList","@id":"https:\/\/www.joy.ee\/index.php\/meist-3\/#breadcrumb","itemListElement":[{"@type":"ListItem","position":1,"name":"Home","item":"https:\/\/www.joy.ee\/"},{"@type":"ListItem","position":2,"name":"MEIST"}]},{"@type":"WebSite","@id":"https:\/\/www.joy.ee\/#website","url":"https:\/\/www.joy.ee\/","name":"STUUDIO JOY","description":"Dance, Sing, Enjoy!","potentialAction":[{"@type":"SearchAction","target":{"@type":"EntryPoint","urlTemplate":"https:\/\/www.joy.ee\/?s={search_term_string}"},"query-input":{"@type":"PropertyValueSpecification","valueRequired":true,"valueName":"search_term_string"}}],"inLanguage":"en-US"}]}},"_links":{"self":[{"href":"https:\/\/www.joy.ee\/index.php\/wp-json\/wp\/v2\/pages\/1740","targetHints":{"allow":["GET"]}}],"collection":[{"href":"https:\/\/www.joy.ee\/index.php\/wp-json\/wp\/v2\/pages"}],"about":[{"href":"https:\/\/www.joy.ee\/index.php\/wp-json\/wp\/v2\/types\/page"}],"author":[{"embeddable":true,"href":"https:\/\/www.joy.ee\/index.php\/wp-json\/wp\/v2\/users\/4"}],"replies":[{"embeddable":true,"href":"https:\/\/www.joy.ee\/index.php\/wp-json\/wp\/v2\/comments?post=1740"}],"version-history":[{"count":11,"href":"https:\/\/www.joy.ee\/index.php\/wp-json\/wp\/v2\/pages\/1740\/revisions"}],"predecessor-version":[{"id":1809,"href":"https:\/\/www.joy.ee\/index.php\/wp-json\/wp\/v2\/pages\/1740\/revisions\/1809"}],"wp:featuredmedia":[{"embeddable":true,"href":"https:\/\/www.joy.ee\/index.php\/wp-json\/wp\/v2\/media\/1699"}],"wp:attachment":[{"href":"https:\/\/www.joy.ee\/index.php\/wp-json\/wp\/v2\/media?parent=1740"}],"curies":[{"name":"wp","href":"https:\/\/api.w.org\/{rel}","templated":true}]}}